{"id":2478,"date":"2009-08-28T01:07:00","date_gmt":"2009-08-28T04:07:00","guid":{"rendered":"https:\/\/grupofossilis.com.br\/?page_id=2478"},"modified":"2026-02-21T01:14:24","modified_gmt":"2026-02-21T04:14:24","slug":"participacao-na-exposicao-dinos-in-rio","status":"publish","type":"page","link":"https:\/\/grupofossilis.com.br\/index.php\/participacao-na-exposicao-dinos-in-rio\/","title":{"rendered":"PARTICIPA\u00c7\u00c3O NA EXPOSI\u00c7\u00c3O DINOS IN RIO"},"content":{"rendered":"\n<p>28\/08\/2009 &#8211; Museu Nacional (Rio de Janeiro\/RJ) <\/p>\n\n\n\n<figure class=\"wp-block-gallery has-nested-images columns-default is-cropped wp-block-gallery-1 is-layout-flex wp-block-gallery-is-layout-flex\">\n<figure class=\"wp-block-image size-large\"><img loading=\"lazy\" decoding=\"async\" width=\"604\" height=\"453\" data-id=\"2480\" src=\"https:\/\/grupofossilis.com.br\/wp-content\/uploads\/2026\/02\/105219229505248.jpg\" alt=\"\" class=\"wp-image-2480\" srcset=\"https:\/\/grupofossilis.com.br\/wp-content\/uploads\/2026\/02\/105219229505248.jpg 604w, https:\/\/grupofossilis.com.br\/wp-content\/uploads\/2026\/02\/105219229505248-300x225.jpg 300w\" sizes=\"auto, (max-width: 604px) 100vw, 604px\" \/><\/figure>\n\n\n\n<figure class=\"wp-block-image size-large\"><img loading=\"lazy\" decoding=\"async\" width=\"604\" height=\"452\" data-id=\"2479\" src=\"https:\/\/grupofossilis.com.br\/wp-content\/uploads\/2026\/02\/105219232838581.jpg\" alt=\"\" class=\"wp-image-2479\" srcset=\"https:\/\/grupofossilis.com.br\/wp-content\/uploads\/2026\/02\/105219232838581.jpg 604w, https:\/\/grupofossilis.com.br\/wp-content\/uploads\/2026\/02\/105219232838581-300x225.jpg 300w\" sizes=\"auto, (max-width: 604px) 100vw, 604px\" \/><\/figure>\n\n\n\n<figure class=\"wp-block-image size-large\"><img loading=\"lazy\" decoding=\"async\" width=\"604\" height=\"453\" data-id=\"2481\" src=\"https:\/\/grupofossilis.com.br\/wp-content\/uploads\/2026\/02\/105219242838580.jpg\" alt=\"\" class=\"wp-image-2481\" srcset=\"https:\/\/grupofossilis.com.br\/wp-content\/uploads\/2026\/02\/105219242838580.jpg 604w, https:\/\/grupofossilis.com.br\/wp-content\/uploads\/2026\/02\/105219242838580-300x225.jpg 300w\" sizes=\"auto, (max-width: 604px) 100vw, 604px\" \/><\/figure>\n\n\n\n<figure class=\"wp-block-image size-large\"><img loading=\"lazy\" decoding=\"async\" width=\"604\" height=\"453\" data-id=\"2483\" src=\"https:\/\/grupofossilis.com.br\/wp-content\/uploads\/2026\/02\/105219389505232.jpg\" alt=\"\" class=\"wp-image-2483\" srcset=\"https:\/\/grupofossilis.com.br\/wp-content\/uploads\/2026\/02\/105219389505232.jpg 604w, https:\/\/grupofossilis.com.br\/wp-content\/uploads\/2026\/02\/105219389505232-300x225.jpg 300w\" sizes=\"auto, (max-width: 604px) 100vw, 604px\" \/><\/figure>\n\n\n\n<figure class=\"wp-block-image size-large\"><img loading=\"lazy\" decoding=\"async\" width=\"604\" height=\"453\" data-id=\"2484\" src=\"https:\/\/grupofossilis.com.br\/wp-content\/uploads\/2026\/02\/105219399505231.jpg\" alt=\"\" class=\"wp-image-2484\" srcset=\"https:\/\/grupofossilis.com.br\/wp-content\/uploads\/2026\/02\/105219399505231.jpg 604w, https:\/\/grupofossilis.com.br\/wp-content\/uploads\/2026\/02\/105219399505231-300x225.jpg 300w\" sizes=\"auto, (max-width: 604px) 100vw, 604px\" \/><\/figure>\n\n\n\n<figure class=\"wp-block-image size-large\"><img loading=\"lazy\" decoding=\"async\" width=\"604\" height=\"453\" data-id=\"2487\" src=\"https:\/\/grupofossilis.com.br\/wp-content\/uploads\/2026\/02\/105219459505225.jpg\" alt=\"\" class=\"wp-image-2487\" srcset=\"https:\/\/grupofossilis.com.br\/wp-content\/uploads\/2026\/02\/105219459505225.jpg 604w, https:\/\/grupofossilis.com.br\/wp-content\/uploads\/2026\/02\/105219459505225-300x225.jpg 300w\" sizes=\"auto, (max-width: 604px) 100vw, 604px\" \/><\/figure>\n\n\n\n<figure class=\"wp-block-image size-large\"><img loading=\"lazy\" decoding=\"async\" width=\"604\" height=\"453\" data-id=\"2489\" src=\"https:\/\/grupofossilis.com.br\/wp-content\/uploads\/2026\/02\/105219466171891.jpg\" alt=\"\" class=\"wp-image-2489\" srcset=\"https:\/\/grupofossilis.com.br\/wp-content\/uploads\/2026\/02\/105219466171891.jpg 604w, https:\/\/grupofossilis.com.br\/wp-content\/uploads\/2026\/02\/105219466171891-300x225.jpg 300w\" sizes=\"auto, (max-width: 604px) 100vw, 604px\" \/><\/figure>\n\n\n\n<figure class=\"wp-block-image size-large\"><img loading=\"lazy\" decoding=\"async\" width=\"604\" height=\"453\" data-id=\"2488\" src=\"https:\/\/grupofossilis.com.br\/wp-content\/uploads\/2026\/02\/105219472838557.jpg\" alt=\"\" class=\"wp-image-2488\" srcset=\"https:\/\/grupofossilis.com.br\/wp-content\/uploads\/2026\/02\/105219472838557.jpg 604w, https:\/\/grupofossilis.com.br\/wp-content\/uploads\/2026\/02\/105219472838557-300x225.jpg 300w\" sizes=\"auto, (max-width: 604px) 100vw, 604px\" \/><\/figure>\n\n\n\n<figure class=\"wp-block-image size-large\"><img loading=\"lazy\" decoding=\"async\" width=\"604\" height=\"453\" data-id=\"2490\" src=\"https:\/\/grupofossilis.com.br\/wp-content\/uploads\/2026\/02\/105219566171881.jpg\" alt=\"\" class=\"wp-image-2490\" srcset=\"https:\/\/grupofossilis.com.br\/wp-content\/uploads\/2026\/02\/105219566171881.jpg 604w, https:\/\/grupofossilis.com.br\/wp-content\/uploads\/2026\/02\/105219566171881-300x225.jpg 300w\" sizes=\"auto, (max-width: 604px) 100vw, 604px\" \/><\/figure>\n\n\n\n<figure class=\"wp-block-image size-large\"><img loading=\"lazy\" decoding=\"async\" width=\"604\" height=\"453\" data-id=\"2491\" src=\"https:\/\/grupofossilis.com.br\/wp-content\/uploads\/2026\/02\/105219632838541.jpg\" alt=\"\" class=\"wp-image-2491\" srcset=\"https:\/\/grupofossilis.com.br\/wp-content\/uploads\/2026\/02\/105219632838541.jpg 604w, https:\/\/grupofossilis.com.br\/wp-content\/uploads\/2026\/02\/105219632838541-300x225.jpg 300w\" sizes=\"auto, (max-width: 604px) 100vw, 604px\" \/><\/figure>\n\n\n\n<figure class=\"wp-block-image size-large\"><img loading=\"lazy\" decoding=\"async\" width=\"604\" height=\"453\" data-id=\"2493\" src=\"https:\/\/grupofossilis.com.br\/wp-content\/uploads\/2026\/02\/105219636171874.jpg\" alt=\"\" class=\"wp-image-2493\" srcset=\"https:\/\/grupofossilis.com.br\/wp-content\/uploads\/2026\/02\/105219636171874.jpg 604w, https:\/\/grupofossilis.com.br\/wp-content\/uploads\/2026\/02\/105219636171874-300x225.jpg 300w\" sizes=\"auto, (max-width: 604px) 100vw, 604px\" \/><\/figure>\n\n\n\n<figure class=\"wp-block-image size-large\"><img loading=\"lazy\" decoding=\"async\" width=\"604\" height=\"453\" data-id=\"2494\" src=\"https:\/\/grupofossilis.com.br\/wp-content\/uploads\/2026\/02\/105219642838540.jpg\" alt=\"\" class=\"wp-image-2494\" srcset=\"https:\/\/grupofossilis.com.br\/wp-content\/uploads\/2026\/02\/105219642838540.jpg 604w, https:\/\/grupofossilis.com.br\/wp-content\/uploads\/2026\/02\/105219642838540-300x225.jpg 300w\" sizes=\"auto, (max-width: 604px) 100vw, 604px\" \/><\/figure>\n<\/figure>\n\n\n\n<figure class=\"wp-block-gallery has-nested-images columns-default is-cropped wp-block-gallery-2 is-layout-flex wp-block-gallery-is-layout-flex\">\n<figure class=\"wp-block-image size-large\"><img loading=\"lazy\" decoding=\"async\" width=\"604\" height=\"453\" data-id=\"2497\" src=\"https:\/\/grupofossilis.com.br\/wp-content\/uploads\/2026\/02\/105219469505224-1.jpg\" alt=\"\" class=\"wp-image-2497\" srcset=\"https:\/\/grupofossilis.com.br\/wp-content\/uploads\/2026\/02\/105219469505224-1.jpg 604w, https:\/\/grupofossilis.com.br\/wp-content\/uploads\/2026\/02\/105219469505224-1-300x225.jpg 300w\" sizes=\"auto, (max-width: 604px) 100vw, 604px\" \/><\/figure>\n\n\n\n<figure class=\"wp-block-image size-large\"><img loading=\"lazy\" decoding=\"async\" width=\"604\" height=\"453\" data-id=\"2499\" src=\"https:\/\/grupofossilis.com.br\/wp-content\/uploads\/2026\/02\/105219576171880.jpg\" alt=\"\" class=\"wp-image-2499\" srcset=\"https:\/\/grupofossilis.com.br\/wp-content\/uploads\/2026\/02\/105219576171880.jpg 604w, https:\/\/grupofossilis.com.br\/wp-content\/uploads\/2026\/02\/105219576171880-300x225.jpg 300w\" sizes=\"auto, (max-width: 604px) 100vw, 604px\" \/><\/figure>\n\n\n\n<figure class=\"wp-block-image size-large\"><img loading=\"lazy\" decoding=\"async\" width=\"604\" height=\"453\" data-id=\"2498\" src=\"https:\/\/grupofossilis.com.br\/wp-content\/uploads\/2026\/02\/105219682838536-1.jpg\" alt=\"\" class=\"wp-image-2498\" srcset=\"https:\/\/grupofossilis.com.br\/wp-content\/uploads\/2026\/02\/105219682838536-1.jpg 604w, https:\/\/grupofossilis.com.br\/wp-content\/uploads\/2026\/02\/105219682838536-1-300x225.jpg 300w\" sizes=\"auto, (max-width: 604px) 100vw, 604px\" \/><\/figure>\n<\/figure>\n\n\n\n<figure class=\"wp-block-gallery has-nested-images columns-default is-cropped wp-block-gallery-3 is-layout-flex wp-block-gallery-is-layout-flex\">\n<figure class=\"wp-block-image size-large\"><img loading=\"lazy\" decoding=\"async\" width=\"1024\" height=\"768\" data-id=\"2505\" src=\"https:\/\/grupofossilis.com.br\/wp-content\/uploads\/2026\/02\/DSCF1191-1024x768.jpg\" alt=\"\" class=\"wp-image-2505\" srcset=\"https:\/\/grupofossilis.com.br\/wp-content\/uploads\/2026\/02\/DSCF1191-1024x768.jpg 1024w, https:\/\/grupofossilis.com.br\/wp-content\/uploads\/2026\/02\/DSCF1191-300x225.jpg 300w, https:\/\/grupofossilis.com.br\/wp-content\/uploads\/2026\/02\/DSCF1191-768x576.jpg 768w, https:\/\/grupofossilis.com.br\/wp-content\/uploads\/2026\/02\/DSCF1191-1536x1152.jpg 1536w, https:\/\/grupofossilis.com.br\/wp-content\/uploads\/2026\/02\/DSCF1191-2048x1536.jpg 2048w\" sizes=\"auto, (max-width: 1024px) 100vw, 1024px\" \/><\/figure>\n\n\n\n<figure class=\"wp-block-image size-large\"><img loading=\"lazy\" decoding=\"async\" width=\"1024\" height=\"768\" data-id=\"2504\" src=\"https:\/\/grupofossilis.com.br\/wp-content\/uploads\/2026\/02\/DSCF1288-1024x768.jpg\" alt=\"\" class=\"wp-image-2504\" srcset=\"https:\/\/grupofossilis.com.br\/wp-content\/uploads\/2026\/02\/DSCF1288-1024x768.jpg 1024w, https:\/\/grupofossilis.com.br\/wp-content\/uploads\/2026\/02\/DSCF1288-300x225.jpg 300w, https:\/\/grupofossilis.com.br\/wp-content\/uploads\/2026\/02\/DSCF1288-768x576.jpg 768w, https:\/\/grupofossilis.com.br\/wp-content\/uploads\/2026\/02\/DSCF1288-1536x1152.jpg 1536w, https:\/\/grupofossilis.com.br\/wp-content\/uploads\/2026\/02\/DSCF1288-2048x1536.jpg 2048w\" sizes=\"auto, (max-width: 1024px) 100vw, 1024px\" \/><\/figure>\n\n\n\n<figure class=\"wp-block-image size-large\"><img loading=\"lazy\" decoding=\"async\" width=\"500\" height=\"375\" data-id=\"2506\" src=\"https:\/\/grupofossilis.com.br\/wp-content\/uploads\/2026\/02\/P8280071.jpg\" alt=\"\" class=\"wp-image-2506\" srcset=\"https:\/\/grupofossilis.com.br\/wp-content\/uploads\/2026\/02\/P8280071.jpg 500w, https:\/\/grupofossilis.com.br\/wp-content\/uploads\/2026\/02\/P8280071-300x225.jpg 300w\" sizes=\"auto, (max-width: 500px) 100vw, 500px\" \/><\/figure>\n<\/figure>\n","protected":false},"excerpt":{"rendered":"<p>28\/08\/2009 &#8211; Museu Nacional (Rio de Janeiro\/RJ)<\/p>\n","protected":false},"author":1,"featured_media":0,"parent":0,"menu_order":0,"comment_status":"closed","ping_status":"closed","template":"","meta":{"footnotes":""},"class_list":["post-2478","page","type-page","status-publish","hentry"],"_links":{"self":[{"href":"https:\/\/grupofossilis.com.br\/index.php\/wp-json\/wp\/v2\/pages\/2478","targetHints":{"allow":["GET"]}}],"collection":[{"href":"https:\/\/grupofossilis.com.br\/index.php\/wp-json\/wp\/v2\/pages"}],"about":[{"href":"https:\/\/grupofossilis.com.br\/index.php\/wp-json\/wp\/v2\/types\/page"}],"author":[{"embeddable":true,"href":"https:\/\/grupofossilis.com.br\/index.php\/wp-json\/wp\/v2\/users\/1"}],"replies":[{"embeddable":true,"href":"https:\/\/grupofossilis.com.br\/index.php\/wp-json\/wp\/v2\/comments?post=2478"}],"version-history":[{"count":1,"href":"https:\/\/grupofossilis.com.br\/index.php\/wp-json\/wp\/v2\/pages\/2478\/revisions"}],"predecessor-version":[{"id":2507,"href":"https:\/\/grupofossilis.com.br\/index.php\/wp-json\/wp\/v2\/pages\/2478\/revisions\/2507"}],"wp:attachment":[{"href":"https:\/\/grupofossilis.com.br\/index.php\/wp-json\/wp\/v2\/media?parent=2478"}],"curies":[{"name":"wp","href":"https:\/\/api.w.org\/{rel}","templated":true}]}}