{"id":2705,"date":"2009-06-16T12:20:53","date_gmt":"2009-06-16T15:20:53","guid":{"rendered":"https:\/\/grupofossilis.com.br\/?page_id=2705"},"modified":"2026-02-21T12:22:21","modified_gmt":"2026-02-21T15:22:21","slug":"participacao-na-eleicao-da-comissao-da-lei-municipal-de-incentivo-a-cultura","status":"publish","type":"page","link":"https:\/\/grupofossilis.com.br\/index.php\/participacao-na-eleicao-da-comissao-da-lei-municipal-de-incentivo-a-cultura\/","title":{"rendered":"PARTICIPA\u00c7\u00c3O NA ELEI\u00c7\u00c3O DA COMISS\u00c3O DA LEI MUNICIPAL DE INCENTIVO \u00c0 CULTURA"},"content":{"rendered":"\n<p>16\/06\/2009 &#8211; Secretaria Municipal de Cultura (Caratinga\/MG)<\/p>\n\n\n\n<figure class=\"wp-block-image size-full\"><img loading=\"lazy\" decoding=\"async\" width=\"225\" height=\"150\" src=\"https:\/\/grupofossilis.com.br\/wp-content\/uploads\/2026\/02\/3A7CECD8-7EAC-E1CD-ACAC-CD1AECADD71D_225X150.jpg\" alt=\"\" class=\"wp-image-2706\"\/><\/figure>\n\n\n\n<p><\/p>\n","protected":false},"excerpt":{"rendered":"<p>16\/06\/2009 &#8211; Secretaria Municipal de Cultura (Caratinga\/MG)<\/p>\n","protected":false},"author":1,"featured_media":0,"parent":0,"menu_order":0,"comment_status":"closed","ping_status":"closed","template":"","meta":{"footnotes":""},"class_list":["post-2705","page","type-page","status-publish","hentry"],"_links":{"self":[{"href":"https:\/\/grupofossilis.com.br\/index.php\/wp-json\/wp\/v2\/pages\/2705","targetHints":{"allow":["GET"]}}],"collection":[{"href":"https:\/\/grupofossilis.com.br\/index.php\/wp-json\/wp\/v2\/pages"}],"about":[{"href":"https:\/\/grupofossilis.com.br\/index.php\/wp-json\/wp\/v2\/types\/page"}],"author":[{"embeddable":true,"href":"https:\/\/grupofossilis.com.br\/index.php\/wp-json\/wp\/v2\/users\/1"}],"replies":[{"embeddable":true,"href":"https:\/\/grupofossilis.com.br\/index.php\/wp-json\/wp\/v2\/comments?post=2705"}],"version-history":[{"count":1,"href":"https:\/\/grupofossilis.com.br\/index.php\/wp-json\/wp\/v2\/pages\/2705\/revisions"}],"predecessor-version":[{"id":2707,"href":"https:\/\/grupofossilis.com.br\/index.php\/wp-json\/wp\/v2\/pages\/2705\/revisions\/2707"}],"wp:attachment":[{"href":"https:\/\/grupofossilis.com.br\/index.php\/wp-json\/wp\/v2\/media?parent=2705"}],"curies":[{"name":"wp","href":"https:\/\/api.w.org\/{rel}","templated":true}]}}