{"id":2940,"date":"2010-08-13T15:05:00","date_gmt":"2010-08-13T18:05:00","guid":{"rendered":"https:\/\/grupofossilis.com.br\/?page_id=2940"},"modified":"2026-02-22T16:07:54","modified_gmt":"2026-02-22T19:07:54","slug":"exposicao-no-aniversario-do-museu-nacional","status":"publish","type":"page","link":"https:\/\/grupofossilis.com.br\/index.php\/exposicao-no-aniversario-do-museu-nacional\/","title":{"rendered":"EXPOSI\u00c7\u00c3O NO ANIVERS\u00c1RIO DO MUSEU NACIONAL"},"content":{"rendered":"\n<p>26\/04\/2010 \u2013 Quinta da Boa Vista (Rio de Janeiro\/RJ)<\/p>\n\n\n\n<figure class=\"wp-block-gallery has-nested-images columns-default is-cropped wp-block-gallery-1 is-layout-flex wp-block-gallery-is-layout-flex\">\n<figure class=\"wp-block-image size-large\"><img loading=\"lazy\" decoding=\"async\" width=\"800\" height=\"600\" data-id=\"2943\" src=\"https:\/\/grupofossilis.com.br\/wp-content\/uploads\/2026\/02\/01.jpg\" alt=\"\" class=\"wp-image-2943\" srcset=\"https:\/\/grupofossilis.com.br\/wp-content\/uploads\/2026\/02\/01.jpg 800w, https:\/\/grupofossilis.com.br\/wp-content\/uploads\/2026\/02\/01-300x225.jpg 300w, https:\/\/grupofossilis.com.br\/wp-content\/uploads\/2026\/02\/01-768x576.jpg 768w\" sizes=\"auto, (max-width: 800px) 100vw, 800px\" \/><\/figure>\n\n\n\n<figure class=\"wp-block-image size-large\"><img loading=\"lazy\" decoding=\"async\" width=\"800\" height=\"600\" data-id=\"2946\" src=\"https:\/\/grupofossilis.com.br\/wp-content\/uploads\/2026\/02\/02.jpg\" alt=\"\" class=\"wp-image-2946\" srcset=\"https:\/\/grupofossilis.com.br\/wp-content\/uploads\/2026\/02\/02.jpg 800w, https:\/\/grupofossilis.com.br\/wp-content\/uploads\/2026\/02\/02-300x225.jpg 300w, https:\/\/grupofossilis.com.br\/wp-content\/uploads\/2026\/02\/02-768x576.jpg 768w\" sizes=\"auto, (max-width: 800px) 100vw, 800px\" \/><\/figure>\n\n\n\n<figure class=\"wp-block-image size-large\"><img loading=\"lazy\" decoding=\"async\" width=\"800\" height=\"600\" data-id=\"2941\" src=\"https:\/\/grupofossilis.com.br\/wp-content\/uploads\/2026\/02\/03.jpg\" alt=\"\" class=\"wp-image-2941\" srcset=\"https:\/\/grupofossilis.com.br\/wp-content\/uploads\/2026\/02\/03.jpg 800w, https:\/\/grupofossilis.com.br\/wp-content\/uploads\/2026\/02\/03-300x225.jpg 300w, https:\/\/grupofossilis.com.br\/wp-content\/uploads\/2026\/02\/03-768x576.jpg 768w\" sizes=\"auto, (max-width: 800px) 100vw, 800px\" \/><\/figure>\n\n\n\n<figure class=\"wp-block-image size-large\"><img loading=\"lazy\" decoding=\"async\" width=\"800\" height=\"600\" data-id=\"2942\" src=\"https:\/\/grupofossilis.com.br\/wp-content\/uploads\/2026\/02\/04.jpg\" alt=\"\" class=\"wp-image-2942\" srcset=\"https:\/\/grupofossilis.com.br\/wp-content\/uploads\/2026\/02\/04.jpg 800w, https:\/\/grupofossilis.com.br\/wp-content\/uploads\/2026\/02\/04-300x225.jpg 300w, https:\/\/grupofossilis.com.br\/wp-content\/uploads\/2026\/02\/04-768x576.jpg 768w\" sizes=\"auto, (max-width: 800px) 100vw, 800px\" \/><\/figure>\n\n\n\n<figure class=\"wp-block-image size-large\"><img loading=\"lazy\" decoding=\"async\" width=\"800\" height=\"600\" data-id=\"2944\" src=\"https:\/\/grupofossilis.com.br\/wp-content\/uploads\/2026\/02\/05.jpg\" alt=\"\" class=\"wp-image-2944\" srcset=\"https:\/\/grupofossilis.com.br\/wp-content\/uploads\/2026\/02\/05.jpg 800w, https:\/\/grupofossilis.com.br\/wp-content\/uploads\/2026\/02\/05-300x225.jpg 300w, https:\/\/grupofossilis.com.br\/wp-content\/uploads\/2026\/02\/05-768x576.jpg 768w\" sizes=\"auto, (max-width: 800px) 100vw, 800px\" \/><\/figure>\n\n\n\n<figure class=\"wp-block-image size-large\"><img loading=\"lazy\" decoding=\"async\" width=\"800\" height=\"600\" data-id=\"2945\" src=\"https:\/\/grupofossilis.com.br\/wp-content\/uploads\/2026\/02\/06.jpg\" alt=\"\" class=\"wp-image-2945\" srcset=\"https:\/\/grupofossilis.com.br\/wp-content\/uploads\/2026\/02\/06.jpg 800w, https:\/\/grupofossilis.com.br\/wp-content\/uploads\/2026\/02\/06-300x225.jpg 300w, https:\/\/grupofossilis.com.br\/wp-content\/uploads\/2026\/02\/06-768x576.jpg 768w\" sizes=\"auto, (max-width: 800px) 100vw, 800px\" \/><\/figure>\n\n\n\n<figure class=\"wp-block-image size-large\"><img loading=\"lazy\" decoding=\"async\" width=\"800\" height=\"600\" data-id=\"2951\" src=\"https:\/\/grupofossilis.com.br\/wp-content\/uploads\/2026\/02\/07.jpg\" alt=\"\" class=\"wp-image-2951\" srcset=\"https:\/\/grupofossilis.com.br\/wp-content\/uploads\/2026\/02\/07.jpg 800w, https:\/\/grupofossilis.com.br\/wp-content\/uploads\/2026\/02\/07-300x225.jpg 300w, https:\/\/grupofossilis.com.br\/wp-content\/uploads\/2026\/02\/07-768x576.jpg 768w\" sizes=\"auto, (max-width: 800px) 100vw, 800px\" \/><\/figure>\n\n\n\n<figure class=\"wp-block-image size-large\"><img loading=\"lazy\" decoding=\"async\" width=\"800\" height=\"600\" data-id=\"2948\" src=\"https:\/\/grupofossilis.com.br\/wp-content\/uploads\/2026\/02\/08.jpg\" alt=\"\" class=\"wp-image-2948\" srcset=\"https:\/\/grupofossilis.com.br\/wp-content\/uploads\/2026\/02\/08.jpg 800w, https:\/\/grupofossilis.com.br\/wp-content\/uploads\/2026\/02\/08-300x225.jpg 300w, https:\/\/grupofossilis.com.br\/wp-content\/uploads\/2026\/02\/08-768x576.jpg 768w\" sizes=\"auto, (max-width: 800px) 100vw, 800px\" \/><\/figure>\n\n\n\n<figure class=\"wp-block-image size-large\"><img loading=\"lazy\" decoding=\"async\" width=\"800\" height=\"600\" data-id=\"2947\" src=\"https:\/\/grupofossilis.com.br\/wp-content\/uploads\/2026\/02\/09.jpg\" alt=\"\" class=\"wp-image-2947\" srcset=\"https:\/\/grupofossilis.com.br\/wp-content\/uploads\/2026\/02\/09.jpg 800w, https:\/\/grupofossilis.com.br\/wp-content\/uploads\/2026\/02\/09-300x225.jpg 300w, https:\/\/grupofossilis.com.br\/wp-content\/uploads\/2026\/02\/09-768x576.jpg 768w\" sizes=\"auto, (max-width: 800px) 100vw, 800px\" \/><\/figure>\n\n\n\n<figure class=\"wp-block-image size-large\"><img loading=\"lazy\" decoding=\"async\" width=\"800\" height=\"600\" data-id=\"2949\" src=\"https:\/\/grupofossilis.com.br\/wp-content\/uploads\/2026\/02\/10.jpg\" alt=\"\" class=\"wp-image-2949\" srcset=\"https:\/\/grupofossilis.com.br\/wp-content\/uploads\/2026\/02\/10.jpg 800w, https:\/\/grupofossilis.com.br\/wp-content\/uploads\/2026\/02\/10-300x225.jpg 300w, https:\/\/grupofossilis.com.br\/wp-content\/uploads\/2026\/02\/10-768x576.jpg 768w\" sizes=\"auto, (max-width: 800px) 100vw, 800px\" \/><\/figure>\n\n\n\n<figure class=\"wp-block-image size-large\"><img loading=\"lazy\" decoding=\"async\" width=\"800\" height=\"600\" data-id=\"2950\" src=\"https:\/\/grupofossilis.com.br\/wp-content\/uploads\/2026\/02\/11.jpg\" alt=\"\" class=\"wp-image-2950\" srcset=\"https:\/\/grupofossilis.com.br\/wp-content\/uploads\/2026\/02\/11.jpg 800w, https:\/\/grupofossilis.com.br\/wp-content\/uploads\/2026\/02\/11-300x225.jpg 300w, https:\/\/grupofossilis.com.br\/wp-content\/uploads\/2026\/02\/11-768x576.jpg 768w\" sizes=\"auto, (max-width: 800px) 100vw, 800px\" \/><\/figure>\n\n\n\n<figure class=\"wp-block-image size-large\"><img loading=\"lazy\" decoding=\"async\" width=\"800\" height=\"600\" data-id=\"2952\" src=\"https:\/\/grupofossilis.com.br\/wp-content\/uploads\/2026\/02\/12.jpg\" alt=\"\" class=\"wp-image-2952\" srcset=\"https:\/\/grupofossilis.com.br\/wp-content\/uploads\/2026\/02\/12.jpg 800w, https:\/\/grupofossilis.com.br\/wp-content\/uploads\/2026\/02\/12-300x225.jpg 300w, https:\/\/grupofossilis.com.br\/wp-content\/uploads\/2026\/02\/12-768x576.jpg 768w\" sizes=\"auto, (max-width: 800px) 100vw, 800px\" \/><\/figure>\n\n\n\n<figure class=\"wp-block-image size-large\"><img loading=\"lazy\" decoding=\"async\" width=\"800\" height=\"600\" data-id=\"2953\" src=\"https:\/\/grupofossilis.com.br\/wp-content\/uploads\/2026\/02\/13.jpg\" alt=\"\" class=\"wp-image-2953\" srcset=\"https:\/\/grupofossilis.com.br\/wp-content\/uploads\/2026\/02\/13.jpg 800w, https:\/\/grupofossilis.com.br\/wp-content\/uploads\/2026\/02\/13-300x225.jpg 300w, https:\/\/grupofossilis.com.br\/wp-content\/uploads\/2026\/02\/13-768x576.jpg 768w\" sizes=\"auto, (max-width: 800px) 100vw, 800px\" \/><\/figure>\n\n\n\n<figure class=\"wp-block-image size-large\"><img loading=\"lazy\" decoding=\"async\" width=\"800\" height=\"600\" data-id=\"2954\" src=\"https:\/\/grupofossilis.com.br\/wp-content\/uploads\/2026\/02\/14.jpg\" alt=\"\" class=\"wp-image-2954\" srcset=\"https:\/\/grupofossilis.com.br\/wp-content\/uploads\/2026\/02\/14.jpg 800w, https:\/\/grupofossilis.com.br\/wp-content\/uploads\/2026\/02\/14-300x225.jpg 300w, https:\/\/grupofossilis.com.br\/wp-content\/uploads\/2026\/02\/14-768x576.jpg 768w\" sizes=\"auto, (max-width: 800px) 100vw, 800px\" \/><\/figure>\n\n\n\n<figure class=\"wp-block-image size-large\"><img loading=\"lazy\" decoding=\"async\" width=\"800\" height=\"600\" data-id=\"2955\" src=\"https:\/\/grupofossilis.com.br\/wp-content\/uploads\/2026\/02\/16.jpg\" alt=\"\" class=\"wp-image-2955\" srcset=\"https:\/\/grupofossilis.com.br\/wp-content\/uploads\/2026\/02\/16.jpg 800w, https:\/\/grupofossilis.com.br\/wp-content\/uploads\/2026\/02\/16-300x225.jpg 300w, https:\/\/grupofossilis.com.br\/wp-content\/uploads\/2026\/02\/16-768x576.jpg 768w\" sizes=\"auto, (max-width: 800px) 100vw, 800px\" \/><\/figure>\n\n\n\n<figure class=\"wp-block-image size-large\"><img loading=\"lazy\" decoding=\"async\" width=\"800\" height=\"600\" data-id=\"2956\" src=\"https:\/\/grupofossilis.com.br\/wp-content\/uploads\/2026\/02\/17.jpg\" alt=\"\" class=\"wp-image-2956\" srcset=\"https:\/\/grupofossilis.com.br\/wp-content\/uploads\/2026\/02\/17.jpg 800w, https:\/\/grupofossilis.com.br\/wp-content\/uploads\/2026\/02\/17-300x225.jpg 300w, https:\/\/grupofossilis.com.br\/wp-content\/uploads\/2026\/02\/17-768x576.jpg 768w\" sizes=\"auto, (max-width: 800px) 100vw, 800px\" \/><\/figure>\n\n\n\n<figure class=\"wp-block-image size-large\"><img loading=\"lazy\" decoding=\"async\" width=\"800\" height=\"600\" data-id=\"2957\" src=\"https:\/\/grupofossilis.com.br\/wp-content\/uploads\/2026\/02\/18.jpg\" alt=\"\" class=\"wp-image-2957\" srcset=\"https:\/\/grupofossilis.com.br\/wp-content\/uploads\/2026\/02\/18.jpg 800w, https:\/\/grupofossilis.com.br\/wp-content\/uploads\/2026\/02\/18-300x225.jpg 300w, https:\/\/grupofossilis.com.br\/wp-content\/uploads\/2026\/02\/18-768x576.jpg 768w\" sizes=\"auto, (max-width: 800px) 100vw, 800px\" \/><\/figure>\n\n\n\n<figure class=\"wp-block-image size-large\"><img loading=\"lazy\" decoding=\"async\" width=\"800\" height=\"600\" data-id=\"2959\" src=\"https:\/\/grupofossilis.com.br\/wp-content\/uploads\/2026\/02\/19.jpg\" alt=\"\" class=\"wp-image-2959\" srcset=\"https:\/\/grupofossilis.com.br\/wp-content\/uploads\/2026\/02\/19.jpg 800w, https:\/\/grupofossilis.com.br\/wp-content\/uploads\/2026\/02\/19-300x225.jpg 300w, https:\/\/grupofossilis.com.br\/wp-content\/uploads\/2026\/02\/19-768x576.jpg 768w\" sizes=\"auto, (max-width: 800px) 100vw, 800px\" \/><\/figure>\n\n\n\n<figure class=\"wp-block-image size-large\"><img loading=\"lazy\" decoding=\"async\" width=\"800\" height=\"600\" data-id=\"2958\" src=\"https:\/\/grupofossilis.com.br\/wp-content\/uploads\/2026\/02\/20.jpg\" alt=\"\" class=\"wp-image-2958\" srcset=\"https:\/\/grupofossilis.com.br\/wp-content\/uploads\/2026\/02\/20.jpg 800w, https:\/\/grupofossilis.com.br\/wp-content\/uploads\/2026\/02\/20-300x225.jpg 300w, https:\/\/grupofossilis.com.br\/wp-content\/uploads\/2026\/02\/20-768x576.jpg 768w\" sizes=\"auto, (max-width: 800px) 100vw, 800px\" \/><\/figure>\n\n\n\n<figure class=\"wp-block-image size-large\"><img loading=\"lazy\" decoding=\"async\" width=\"800\" height=\"600\" data-id=\"2960\" src=\"https:\/\/grupofossilis.com.br\/wp-content\/uploads\/2026\/02\/21.jpg\" alt=\"\" class=\"wp-image-2960\" srcset=\"https:\/\/grupofossilis.com.br\/wp-content\/uploads\/2026\/02\/21.jpg 800w, https:\/\/grupofossilis.com.br\/wp-content\/uploads\/2026\/02\/21-300x225.jpg 300w, https:\/\/grupofossilis.com.br\/wp-content\/uploads\/2026\/02\/21-768x576.jpg 768w\" sizes=\"auto, (max-width: 800px) 100vw, 800px\" \/><\/figure>\n\n\n\n<figure class=\"wp-block-image size-large\"><img loading=\"lazy\" decoding=\"async\" width=\"800\" height=\"600\" data-id=\"2961\" src=\"https:\/\/grupofossilis.com.br\/wp-content\/uploads\/2026\/02\/26.jpg\" alt=\"\" class=\"wp-image-2961\" srcset=\"https:\/\/grupofossilis.com.br\/wp-content\/uploads\/2026\/02\/26.jpg 800w, https:\/\/grupofossilis.com.br\/wp-content\/uploads\/2026\/02\/26-300x225.jpg 300w, https:\/\/grupofossilis.com.br\/wp-content\/uploads\/2026\/02\/26-768x576.jpg 768w\" sizes=\"auto, (max-width: 800px) 100vw, 800px\" \/><\/figure>\n\n\n\n<figure class=\"wp-block-image size-large\"><img loading=\"lazy\" decoding=\"async\" width=\"800\" height=\"600\" data-id=\"2963\" src=\"https:\/\/grupofossilis.com.br\/wp-content\/uploads\/2026\/02\/27.jpg\" alt=\"\" class=\"wp-image-2963\" srcset=\"https:\/\/grupofossilis.com.br\/wp-content\/uploads\/2026\/02\/27.jpg 800w, https:\/\/grupofossilis.com.br\/wp-content\/uploads\/2026\/02\/27-300x225.jpg 300w, https:\/\/grupofossilis.com.br\/wp-content\/uploads\/2026\/02\/27-768x576.jpg 768w\" sizes=\"auto, (max-width: 800px) 100vw, 800px\" \/><\/figure>\n\n\n\n<figure class=\"wp-block-image size-large\"><img loading=\"lazy\" decoding=\"async\" width=\"800\" height=\"600\" data-id=\"2962\" src=\"https:\/\/grupofossilis.com.br\/wp-content\/uploads\/2026\/02\/28.jpg\" alt=\"\" class=\"wp-image-2962\" srcset=\"https:\/\/grupofossilis.com.br\/wp-content\/uploads\/2026\/02\/28.jpg 800w, https:\/\/grupofossilis.com.br\/wp-content\/uploads\/2026\/02\/28-300x225.jpg 300w, https:\/\/grupofossilis.com.br\/wp-content\/uploads\/2026\/02\/28-768x576.jpg 768w\" sizes=\"auto, (max-width: 800px) 100vw, 800px\" \/><\/figure>\n\n\n\n<figure class=\"wp-block-image size-large\"><img loading=\"lazy\" decoding=\"async\" width=\"800\" height=\"600\" data-id=\"2964\" src=\"https:\/\/grupofossilis.com.br\/wp-content\/uploads\/2026\/02\/29.jpg\" alt=\"\" class=\"wp-image-2964\" srcset=\"https:\/\/grupofossilis.com.br\/wp-content\/uploads\/2026\/02\/29.jpg 800w, https:\/\/grupofossilis.com.br\/wp-content\/uploads\/2026\/02\/29-300x225.jpg 300w, https:\/\/grupofossilis.com.br\/wp-content\/uploads\/2026\/02\/29-768x576.jpg 768w\" sizes=\"auto, (max-width: 800px) 100vw, 800px\" \/><\/figure>\n\n\n\n<figure class=\"wp-block-image size-large\"><img loading=\"lazy\" decoding=\"async\" width=\"800\" height=\"600\" data-id=\"2967\" src=\"https:\/\/grupofossilis.com.br\/wp-content\/uploads\/2026\/02\/31.jpg\" alt=\"\" class=\"wp-image-2967\" srcset=\"https:\/\/grupofossilis.com.br\/wp-content\/uploads\/2026\/02\/31.jpg 800w, https:\/\/grupofossilis.com.br\/wp-content\/uploads\/2026\/02\/31-300x225.jpg 300w, https:\/\/grupofossilis.com.br\/wp-content\/uploads\/2026\/02\/31-768x576.jpg 768w\" sizes=\"auto, (max-width: 800px) 100vw, 800px\" \/><\/figure>\n\n\n\n<figure class=\"wp-block-image size-large\"><img loading=\"lazy\" decoding=\"async\" width=\"800\" height=\"600\" data-id=\"2968\" src=\"https:\/\/grupofossilis.com.br\/wp-content\/uploads\/2026\/02\/32.jpg\" alt=\"\" class=\"wp-image-2968\" srcset=\"https:\/\/grupofossilis.com.br\/wp-content\/uploads\/2026\/02\/32.jpg 800w, https:\/\/grupofossilis.com.br\/wp-content\/uploads\/2026\/02\/32-300x225.jpg 300w, https:\/\/grupofossilis.com.br\/wp-content\/uploads\/2026\/02\/32-768x576.jpg 768w\" sizes=\"auto, (max-width: 800px) 100vw, 800px\" \/><\/figure>\n\n\n\n<figure class=\"wp-block-image size-large\"><img loading=\"lazy\" decoding=\"async\" width=\"800\" height=\"600\" data-id=\"2966\" src=\"https:\/\/grupofossilis.com.br\/wp-content\/uploads\/2026\/02\/33.jpg\" alt=\"\" class=\"wp-image-2966\" srcset=\"https:\/\/grupofossilis.com.br\/wp-content\/uploads\/2026\/02\/33.jpg 800w, https:\/\/grupofossilis.com.br\/wp-content\/uploads\/2026\/02\/33-300x225.jpg 300w, https:\/\/grupofossilis.com.br\/wp-content\/uploads\/2026\/02\/33-768x576.jpg 768w\" sizes=\"auto, (max-width: 800px) 100vw, 800px\" \/><\/figure>\n\n\n\n<figure class=\"wp-block-image size-large\"><img loading=\"lazy\" decoding=\"async\" width=\"800\" height=\"600\" data-id=\"2969\" src=\"https:\/\/grupofossilis.com.br\/wp-content\/uploads\/2026\/02\/34.jpg\" alt=\"\" class=\"wp-image-2969\" srcset=\"https:\/\/grupofossilis.com.br\/wp-content\/uploads\/2026\/02\/34.jpg 800w, https:\/\/grupofossilis.com.br\/wp-content\/uploads\/2026\/02\/34-300x225.jpg 300w, https:\/\/grupofossilis.com.br\/wp-content\/uploads\/2026\/02\/34-768x576.jpg 768w\" sizes=\"auto, (max-width: 800px) 100vw, 800px\" \/><\/figure>\n\n\n\n<figure class=\"wp-block-image size-large\"><img loading=\"lazy\" decoding=\"async\" width=\"800\" height=\"600\" data-id=\"2970\" src=\"https:\/\/grupofossilis.com.br\/wp-content\/uploads\/2026\/02\/36.jpg\" alt=\"\" class=\"wp-image-2970\" srcset=\"https:\/\/grupofossilis.com.br\/wp-content\/uploads\/2026\/02\/36.jpg 800w, https:\/\/grupofossilis.com.br\/wp-content\/uploads\/2026\/02\/36-300x225.jpg 300w, https:\/\/grupofossilis.com.br\/wp-content\/uploads\/2026\/02\/36-768x576.jpg 768w\" sizes=\"auto, (max-width: 800px) 100vw, 800px\" \/><\/figure>\n\n\n\n<figure class=\"wp-block-image size-large\"><img loading=\"lazy\" decoding=\"async\" width=\"800\" height=\"600\" data-id=\"2972\" src=\"https:\/\/grupofossilis.com.br\/wp-content\/uploads\/2026\/02\/38.jpg\" alt=\"\" class=\"wp-image-2972\" srcset=\"https:\/\/grupofossilis.com.br\/wp-content\/uploads\/2026\/02\/38.jpg 800w, https:\/\/grupofossilis.com.br\/wp-content\/uploads\/2026\/02\/38-300x225.jpg 300w, https:\/\/grupofossilis.com.br\/wp-content\/uploads\/2026\/02\/38-768x576.jpg 768w\" sizes=\"auto, (max-width: 800px) 100vw, 800px\" \/><\/figure>\n\n\n\n<figure class=\"wp-block-image size-large\"><img loading=\"lazy\" decoding=\"async\" width=\"800\" height=\"600\" data-id=\"2973\" src=\"https:\/\/grupofossilis.com.br\/wp-content\/uploads\/2026\/02\/39.jpg\" alt=\"\" class=\"wp-image-2973\" srcset=\"https:\/\/grupofossilis.com.br\/wp-content\/uploads\/2026\/02\/39.jpg 800w, https:\/\/grupofossilis.com.br\/wp-content\/uploads\/2026\/02\/39-300x225.jpg 300w, https:\/\/grupofossilis.com.br\/wp-content\/uploads\/2026\/02\/39-768x576.jpg 768w\" sizes=\"auto, (max-width: 800px) 100vw, 800px\" \/><\/figure>\n\n\n\n<figure class=\"wp-block-image size-large\"><img loading=\"lazy\" decoding=\"async\" width=\"800\" height=\"600\" data-id=\"2974\" src=\"https:\/\/grupofossilis.com.br\/wp-content\/uploads\/2026\/02\/40.jpg\" alt=\"\" class=\"wp-image-2974\" srcset=\"https:\/\/grupofossilis.com.br\/wp-content\/uploads\/2026\/02\/40.jpg 800w, https:\/\/grupofossilis.com.br\/wp-content\/uploads\/2026\/02\/40-300x225.jpg 300w, https:\/\/grupofossilis.com.br\/wp-content\/uploads\/2026\/02\/40-768x576.jpg 768w\" sizes=\"auto, (max-width: 800px) 100vw, 800px\" \/><\/figure>\n\n\n\n<figure class=\"wp-block-image size-large\"><img loading=\"lazy\" decoding=\"async\" width=\"800\" height=\"600\" data-id=\"2975\" src=\"https:\/\/grupofossilis.com.br\/wp-content\/uploads\/2026\/02\/41.jpg\" alt=\"\" class=\"wp-image-2975\" srcset=\"https:\/\/grupofossilis.com.br\/wp-content\/uploads\/2026\/02\/41.jpg 800w, https:\/\/grupofossilis.com.br\/wp-content\/uploads\/2026\/02\/41-300x225.jpg 300w, https:\/\/grupofossilis.com.br\/wp-content\/uploads\/2026\/02\/41-768x576.jpg 768w\" sizes=\"auto, (max-width: 800px) 100vw, 800px\" \/><\/figure>\n\n\n\n<figure class=\"wp-block-image size-large\"><img loading=\"lazy\" decoding=\"async\" width=\"800\" height=\"600\" data-id=\"2976\" src=\"https:\/\/grupofossilis.com.br\/wp-content\/uploads\/2026\/02\/42.jpg\" alt=\"\" class=\"wp-image-2976\" srcset=\"https:\/\/grupofossilis.com.br\/wp-content\/uploads\/2026\/02\/42.jpg 800w, https:\/\/grupofossilis.com.br\/wp-content\/uploads\/2026\/02\/42-300x225.jpg 300w, https:\/\/grupofossilis.com.br\/wp-content\/uploads\/2026\/02\/42-768x576.jpg 768w\" sizes=\"auto, (max-width: 800px) 100vw, 800px\" \/><\/figure>\n\n\n\n<figure class=\"wp-block-image size-large\"><img loading=\"lazy\" decoding=\"async\" width=\"800\" height=\"600\" data-id=\"2977\" src=\"https:\/\/grupofossilis.com.br\/wp-content\/uploads\/2026\/02\/45.jpg\" alt=\"\" class=\"wp-image-2977\" srcset=\"https:\/\/grupofossilis.com.br\/wp-content\/uploads\/2026\/02\/45.jpg 800w, https:\/\/grupofossilis.com.br\/wp-content\/uploads\/2026\/02\/45-300x225.jpg 300w, https:\/\/grupofossilis.com.br\/wp-content\/uploads\/2026\/02\/45-768x576.jpg 768w\" sizes=\"auto, (max-width: 800px) 100vw, 800px\" \/><\/figure>\n\n\n\n<figure class=\"wp-block-image size-large\"><img loading=\"lazy\" decoding=\"async\" width=\"800\" height=\"600\" data-id=\"2979\" src=\"https:\/\/grupofossilis.com.br\/wp-content\/uploads\/2026\/02\/46.jpg\" alt=\"\" class=\"wp-image-2979\" srcset=\"https:\/\/grupofossilis.com.br\/wp-content\/uploads\/2026\/02\/46.jpg 800w, https:\/\/grupofossilis.com.br\/wp-content\/uploads\/2026\/02\/46-300x225.jpg 300w, https:\/\/grupofossilis.com.br\/wp-content\/uploads\/2026\/02\/46-768x576.jpg 768w\" sizes=\"auto, (max-width: 800px) 100vw, 800px\" \/><\/figure>\n\n\n\n<figure class=\"wp-block-image size-large\"><img loading=\"lazy\" decoding=\"async\" width=\"800\" height=\"600\" data-id=\"2978\" src=\"https:\/\/grupofossilis.com.br\/wp-content\/uploads\/2026\/02\/47.jpg\" alt=\"\" class=\"wp-image-2978\" srcset=\"https:\/\/grupofossilis.com.br\/wp-content\/uploads\/2026\/02\/47.jpg 800w, https:\/\/grupofossilis.com.br\/wp-content\/uploads\/2026\/02\/47-300x225.jpg 300w, https:\/\/grupofossilis.com.br\/wp-content\/uploads\/2026\/02\/47-768x576.jpg 768w\" sizes=\"auto, (max-width: 800px) 100vw, 800px\" \/><\/figure>\n\n\n\n<figure class=\"wp-block-image size-large\"><img loading=\"lazy\" decoding=\"async\" width=\"800\" height=\"600\" data-id=\"2980\" src=\"https:\/\/grupofossilis.com.br\/wp-content\/uploads\/2026\/02\/48.jpg\" alt=\"\" class=\"wp-image-2980\" srcset=\"https:\/\/grupofossilis.com.br\/wp-content\/uploads\/2026\/02\/48.jpg 800w, https:\/\/grupofossilis.com.br\/wp-content\/uploads\/2026\/02\/48-300x225.jpg 300w, https:\/\/grupofossilis.com.br\/wp-content\/uploads\/2026\/02\/48-768x576.jpg 768w\" sizes=\"auto, (max-width: 800px) 100vw, 800px\" \/><\/figure>\n\n\n\n<figure class=\"wp-block-image size-large\"><img loading=\"lazy\" decoding=\"async\" width=\"800\" height=\"600\" data-id=\"2981\" src=\"https:\/\/grupofossilis.com.br\/wp-content\/uploads\/2026\/02\/49.jpg\" alt=\"\" class=\"wp-image-2981\" srcset=\"https:\/\/grupofossilis.com.br\/wp-content\/uploads\/2026\/02\/49.jpg 800w, https:\/\/grupofossilis.com.br\/wp-content\/uploads\/2026\/02\/49-300x225.jpg 300w, https:\/\/grupofossilis.com.br\/wp-content\/uploads\/2026\/02\/49-768x576.jpg 768w\" sizes=\"auto, (max-width: 800px) 100vw, 800px\" \/><\/figure>\n<\/figure>\n","protected":false},"excerpt":{"rendered":"<p>26\/04\/2010 \u2013 Quinta da Boa Vista (Rio de Janeiro\/RJ)<\/p>\n","protected":false},"author":1,"featured_media":0,"parent":0,"menu_order":0,"comment_status":"closed","ping_status":"closed","template":"","meta":{"footnotes":""},"class_list":["post-2940","page","type-page","status-publish","hentry"],"_links":{"self":[{"href":"https:\/\/grupofossilis.com.br\/index.php\/wp-json\/wp\/v2\/pages\/2940","targetHints":{"allow":["GET"]}}],"collection":[{"href":"https:\/\/grupofossilis.com.br\/index.php\/wp-json\/wp\/v2\/pages"}],"about":[{"href":"https:\/\/grupofossilis.com.br\/index.php\/wp-json\/wp\/v2\/types\/page"}],"author":[{"embeddable":true,"href":"https:\/\/grupofossilis.com.br\/index.php\/wp-json\/wp\/v2\/users\/1"}],"replies":[{"embeddable":true,"href":"https:\/\/grupofossilis.com.br\/index.php\/wp-json\/wp\/v2\/comments?post=2940"}],"version-history":[{"count":2,"href":"https:\/\/grupofossilis.com.br\/index.php\/wp-json\/wp\/v2\/pages\/2940\/revisions"}],"predecessor-version":[{"id":3043,"href":"https:\/\/grupofossilis.com.br\/index.php\/wp-json\/wp\/v2\/pages\/2940\/revisions\/3043"}],"wp:attachment":[{"href":"https:\/\/grupofossilis.com.br\/index.php\/wp-json\/wp\/v2\/media?parent=2940"}],"curies":[{"name":"wp","href":"https:\/\/api.w.org\/{rel}","templated":true}]}}