{"id":3314,"date":"2011-09-17T14:56:00","date_gmt":"2011-09-17T17:56:00","guid":{"rendered":"https:\/\/grupofossilis.com.br\/?page_id=3314"},"modified":"2026-02-23T15:00:24","modified_gmt":"2026-02-23T18:00:24","slug":"exposicao-da-feira-de-caes-e-gatos","status":"publish","type":"page","link":"https:\/\/grupofossilis.com.br\/index.php\/exposicao-da-feira-de-caes-e-gatos\/","title":{"rendered":"EXPOSI\u00c7\u00c3O DA FEIRA DE C\u00c3ES E GATOS"},"content":{"rendered":"\n<p>17\/09\/2011 \u2013 Pra\u00e7a Ces\u00e1rio Alvim (Caratinga\/MG)<\/p>\n\n\n\n<figure class=\"wp-block-gallery has-nested-images columns-default is-cropped wp-block-gallery-1 is-layout-flex wp-block-gallery-is-layout-flex\">\n<figure class=\"wp-block-image size-large\"><img loading=\"lazy\" decoding=\"async\" width=\"800\" height=\"600\" data-id=\"3317\" src=\"https:\/\/grupofossilis.com.br\/wp-content\/uploads\/2026\/02\/feira-01.jpg\" alt=\"\" class=\"wp-image-3317\" srcset=\"https:\/\/grupofossilis.com.br\/wp-content\/uploads\/2026\/02\/feira-01.jpg 800w, https:\/\/grupofossilis.com.br\/wp-content\/uploads\/2026\/02\/feira-01-300x225.jpg 300w, https:\/\/grupofossilis.com.br\/wp-content\/uploads\/2026\/02\/feira-01-768x576.jpg 768w\" sizes=\"auto, (max-width: 800px) 100vw, 800px\" \/><\/figure>\n\n\n\n<figure class=\"wp-block-image size-large\"><img loading=\"lazy\" decoding=\"async\" width=\"800\" height=\"600\" data-id=\"3315\" src=\"https:\/\/grupofossilis.com.br\/wp-content\/uploads\/2026\/02\/feira-02.jpg\" alt=\"\" class=\"wp-image-3315\" srcset=\"https:\/\/grupofossilis.com.br\/wp-content\/uploads\/2026\/02\/feira-02.jpg 800w, https:\/\/grupofossilis.com.br\/wp-content\/uploads\/2026\/02\/feira-02-300x225.jpg 300w, https:\/\/grupofossilis.com.br\/wp-content\/uploads\/2026\/02\/feira-02-768x576.jpg 768w\" sizes=\"auto, (max-width: 800px) 100vw, 800px\" \/><\/figure>\n\n\n\n<figure class=\"wp-block-image size-large\"><img loading=\"lazy\" decoding=\"async\" width=\"800\" height=\"600\" data-id=\"3316\" src=\"https:\/\/grupofossilis.com.br\/wp-content\/uploads\/2026\/02\/feira-03.jpg\" alt=\"\" class=\"wp-image-3316\" srcset=\"https:\/\/grupofossilis.com.br\/wp-content\/uploads\/2026\/02\/feira-03.jpg 800w, https:\/\/grupofossilis.com.br\/wp-content\/uploads\/2026\/02\/feira-03-300x225.jpg 300w, https:\/\/grupofossilis.com.br\/wp-content\/uploads\/2026\/02\/feira-03-768x576.jpg 768w\" sizes=\"auto, (max-width: 800px) 100vw, 800px\" \/><\/figure>\n\n\n\n<figure class=\"wp-block-image size-large\"><img loading=\"lazy\" decoding=\"async\" width=\"800\" height=\"600\" data-id=\"3318\" src=\"https:\/\/grupofossilis.com.br\/wp-content\/uploads\/2026\/02\/feira-04.jpg\" alt=\"\" class=\"wp-image-3318\" srcset=\"https:\/\/grupofossilis.com.br\/wp-content\/uploads\/2026\/02\/feira-04.jpg 800w, https:\/\/grupofossilis.com.br\/wp-content\/uploads\/2026\/02\/feira-04-300x225.jpg 300w, https:\/\/grupofossilis.com.br\/wp-content\/uploads\/2026\/02\/feira-04-768x576.jpg 768w\" sizes=\"auto, (max-width: 800px) 100vw, 800px\" \/><\/figure>\n\n\n\n<figure class=\"wp-block-image size-large\"><img loading=\"lazy\" decoding=\"async\" width=\"800\" height=\"600\" data-id=\"3319\" src=\"https:\/\/grupofossilis.com.br\/wp-content\/uploads\/2026\/02\/feira-05.jpg\" alt=\"\" class=\"wp-image-3319\" srcset=\"https:\/\/grupofossilis.com.br\/wp-content\/uploads\/2026\/02\/feira-05.jpg 800w, https:\/\/grupofossilis.com.br\/wp-content\/uploads\/2026\/02\/feira-05-300x225.jpg 300w, https:\/\/grupofossilis.com.br\/wp-content\/uploads\/2026\/02\/feira-05-768x576.jpg 768w\" sizes=\"auto, (max-width: 800px) 100vw, 800px\" \/><\/figure>\n\n\n\n<figure class=\"wp-block-image size-large\"><img loading=\"lazy\" decoding=\"async\" width=\"800\" height=\"600\" data-id=\"3321\" src=\"https:\/\/grupofossilis.com.br\/wp-content\/uploads\/2026\/02\/feira-06.jpg\" alt=\"\" class=\"wp-image-3321\" srcset=\"https:\/\/grupofossilis.com.br\/wp-content\/uploads\/2026\/02\/feira-06.jpg 800w, https:\/\/grupofossilis.com.br\/wp-content\/uploads\/2026\/02\/feira-06-300x225.jpg 300w, https:\/\/grupofossilis.com.br\/wp-content\/uploads\/2026\/02\/feira-06-768x576.jpg 768w\" sizes=\"auto, (max-width: 800px) 100vw, 800px\" \/><\/figure>\n\n\n\n<figure class=\"wp-block-image size-large\"><img loading=\"lazy\" decoding=\"async\" width=\"800\" height=\"600\" data-id=\"3322\" src=\"https:\/\/grupofossilis.com.br\/wp-content\/uploads\/2026\/02\/feira-07.jpg\" alt=\"\" class=\"wp-image-3322\" srcset=\"https:\/\/grupofossilis.com.br\/wp-content\/uploads\/2026\/02\/feira-07.jpg 800w, https:\/\/grupofossilis.com.br\/wp-content\/uploads\/2026\/02\/feira-07-300x225.jpg 300w, https:\/\/grupofossilis.com.br\/wp-content\/uploads\/2026\/02\/feira-07-768x576.jpg 768w\" sizes=\"auto, (max-width: 800px) 100vw, 800px\" \/><\/figure>\n\n\n\n<figure class=\"wp-block-image size-large\"><img loading=\"lazy\" decoding=\"async\" width=\"800\" height=\"600\" data-id=\"3320\" src=\"https:\/\/grupofossilis.com.br\/wp-content\/uploads\/2026\/02\/feira-08.jpg\" alt=\"\" class=\"wp-image-3320\" srcset=\"https:\/\/grupofossilis.com.br\/wp-content\/uploads\/2026\/02\/feira-08.jpg 800w, https:\/\/grupofossilis.com.br\/wp-content\/uploads\/2026\/02\/feira-08-300x225.jpg 300w, https:\/\/grupofossilis.com.br\/wp-content\/uploads\/2026\/02\/feira-08-768x576.jpg 768w\" sizes=\"auto, (max-width: 800px) 100vw, 800px\" \/><\/figure>\n<\/figure>\n","protected":false},"excerpt":{"rendered":"<p>17\/09\/2011 \u2013 Pra\u00e7a Ces\u00e1rio Alvim (Caratinga\/MG)<\/p>\n","protected":false},"author":1,"featured_media":0,"parent":0,"menu_order":0,"comment_status":"closed","ping_status":"closed","template":"","meta":{"footnotes":""},"class_list":["post-3314","page","type-page","status-publish","hentry"],"_links":{"self":[{"href":"https:\/\/grupofossilis.com.br\/index.php\/wp-json\/wp\/v2\/pages\/3314","targetHints":{"allow":["GET"]}}],"collection":[{"href":"https:\/\/grupofossilis.com.br\/index.php\/wp-json\/wp\/v2\/pages"}],"about":[{"href":"https:\/\/grupofossilis.com.br\/index.php\/wp-json\/wp\/v2\/types\/page"}],"author":[{"embeddable":true,"href":"https:\/\/grupofossilis.com.br\/index.php\/wp-json\/wp\/v2\/users\/1"}],"replies":[{"embeddable":true,"href":"https:\/\/grupofossilis.com.br\/index.php\/wp-json\/wp\/v2\/comments?post=3314"}],"version-history":[{"count":1,"href":"https:\/\/grupofossilis.com.br\/index.php\/wp-json\/wp\/v2\/pages\/3314\/revisions"}],"predecessor-version":[{"id":3323,"href":"https:\/\/grupofossilis.com.br\/index.php\/wp-json\/wp\/v2\/pages\/3314\/revisions\/3323"}],"wp:attachment":[{"href":"https:\/\/grupofossilis.com.br\/index.php\/wp-json\/wp\/v2\/media?parent=3314"}],"curies":[{"name":"wp","href":"https:\/\/api.w.org\/{rel}","templated":true}]}}