{"id":3362,"date":"2011-11-23T15:19:00","date_gmt":"2011-11-23T17:19:00","guid":{"rendered":"https:\/\/grupofossilis.com.br\/?page_id=3362"},"modified":"2026-02-23T15:30:44","modified_gmt":"2026-02-23T18:30:44","slug":"exposicao-na-semana-da-consciencia-negra","status":"publish","type":"page","link":"https:\/\/grupofossilis.com.br\/index.php\/exposicao-na-semana-da-consciencia-negra\/","title":{"rendered":"EXPOSI\u00c7\u00c3O NA SEMANA DA CONSCI\u00caNCIA NEGRA"},"content":{"rendered":"\n<p>22\/11\/2011 &#8211; Secretaria Municipal de Cultura (Caratinga\/MG)<\/p>\n\n\n\n<figure class=\"wp-block-gallery has-nested-images columns-default is-cropped wp-block-gallery-1 is-layout-flex wp-block-gallery-is-layout-flex\">\n<figure class=\"wp-block-image size-large\"><img loading=\"lazy\" decoding=\"async\" width=\"800\" height=\"536\" data-id=\"3368\" src=\"https:\/\/grupofossilis.com.br\/wp-content\/uploads\/2026\/02\/Alunos-da-escola-Municipal-participam-de-palestra-1.jpg\" alt=\"\" class=\"wp-image-3368\" srcset=\"https:\/\/grupofossilis.com.br\/wp-content\/uploads\/2026\/02\/Alunos-da-escola-Municipal-participam-de-palestra-1.jpg 800w, https:\/\/grupofossilis.com.br\/wp-content\/uploads\/2026\/02\/Alunos-da-escola-Municipal-participam-de-palestra-1-300x201.jpg 300w, https:\/\/grupofossilis.com.br\/wp-content\/uploads\/2026\/02\/Alunos-da-escola-Municipal-participam-de-palestra-1-768x515.jpg 768w\" sizes=\"auto, (max-width: 800px) 100vw, 800px\" \/><\/figure>\n\n\n\n<figure class=\"wp-block-image size-large\"><img loading=\"lazy\" decoding=\"async\" width=\"800\" height=\"536\" data-id=\"3367\" src=\"https:\/\/grupofossilis.com.br\/wp-content\/uploads\/2026\/02\/Alunos-visitam-exposicao.jpg\" alt=\"\" class=\"wp-image-3367\" srcset=\"https:\/\/grupofossilis.com.br\/wp-content\/uploads\/2026\/02\/Alunos-visitam-exposicao.jpg 800w, https:\/\/grupofossilis.com.br\/wp-content\/uploads\/2026\/02\/Alunos-visitam-exposicao-300x201.jpg 300w, https:\/\/grupofossilis.com.br\/wp-content\/uploads\/2026\/02\/Alunos-visitam-exposicao-768x515.jpg 768w\" sizes=\"auto, (max-width: 800px) 100vw, 800px\" \/><\/figure>\n\n\n\n<figure class=\"wp-block-image size-large\"><img loading=\"lazy\" decoding=\"async\" width=\"800\" height=\"536\" data-id=\"3370\" src=\"https:\/\/grupofossilis.com.br\/wp-content\/uploads\/2026\/02\/Alunos-Visitam.jpg\" alt=\"\" class=\"wp-image-3370\" srcset=\"https:\/\/grupofossilis.com.br\/wp-content\/uploads\/2026\/02\/Alunos-Visitam.jpg 800w, https:\/\/grupofossilis.com.br\/wp-content\/uploads\/2026\/02\/Alunos-Visitam-300x201.jpg 300w, https:\/\/grupofossilis.com.br\/wp-content\/uploads\/2026\/02\/Alunos-Visitam-768x515.jpg 768w\" sizes=\"auto, (max-width: 800px) 100vw, 800px\" \/><\/figure>\n\n\n\n<figure class=\"wp-block-image size-large\"><img loading=\"lazy\" decoding=\"async\" width=\"1024\" height=\"685\" data-id=\"3373\" src=\"https:\/\/grupofossilis.com.br\/wp-content\/uploads\/2026\/02\/DSC_4390-1-1024x685.jpg\" alt=\"\" class=\"wp-image-3373\" srcset=\"https:\/\/grupofossilis.com.br\/wp-content\/uploads\/2026\/02\/DSC_4390-1-1024x685.jpg 1024w, https:\/\/grupofossilis.com.br\/wp-content\/uploads\/2026\/02\/DSC_4390-1-300x201.jpg 300w, https:\/\/grupofossilis.com.br\/wp-content\/uploads\/2026\/02\/DSC_4390-1-768x514.jpg 768w, https:\/\/grupofossilis.com.br\/wp-content\/uploads\/2026\/02\/DSC_4390-1-1536x1028.jpg 1536w, https:\/\/grupofossilis.com.br\/wp-content\/uploads\/2026\/02\/DSC_4390-1-2048x1371.jpg 2048w\" sizes=\"auto, (max-width: 1024px) 100vw, 1024px\" \/><\/figure>\n\n\n\n<figure class=\"wp-block-image size-large\"><img loading=\"lazy\" decoding=\"async\" width=\"1024\" height=\"685\" data-id=\"3369\" src=\"https:\/\/grupofossilis.com.br\/wp-content\/uploads\/2026\/02\/DSC_4392-1024x685.jpg\" alt=\"\" class=\"wp-image-3369\" srcset=\"https:\/\/grupofossilis.com.br\/wp-content\/uploads\/2026\/02\/DSC_4392-1024x685.jpg 1024w, https:\/\/grupofossilis.com.br\/wp-content\/uploads\/2026\/02\/DSC_4392-300x201.jpg 300w, https:\/\/grupofossilis.com.br\/wp-content\/uploads\/2026\/02\/DSC_4392-768x514.jpg 768w, https:\/\/grupofossilis.com.br\/wp-content\/uploads\/2026\/02\/DSC_4392-1536x1028.jpg 1536w, https:\/\/grupofossilis.com.br\/wp-content\/uploads\/2026\/02\/DSC_4392-2048x1371.jpg 2048w\" sizes=\"auto, (max-width: 1024px) 100vw, 1024px\" \/><\/figure>\n\n\n\n<figure class=\"wp-block-image size-large\"><img loading=\"lazy\" decoding=\"async\" width=\"1024\" height=\"685\" data-id=\"3371\" src=\"https:\/\/grupofossilis.com.br\/wp-content\/uploads\/2026\/02\/DSC_4393-1-1024x685.jpg\" alt=\"\" class=\"wp-image-3371\" srcset=\"https:\/\/grupofossilis.com.br\/wp-content\/uploads\/2026\/02\/DSC_4393-1-1024x685.jpg 1024w, https:\/\/grupofossilis.com.br\/wp-content\/uploads\/2026\/02\/DSC_4393-1-300x201.jpg 300w, https:\/\/grupofossilis.com.br\/wp-content\/uploads\/2026\/02\/DSC_4393-1-768x514.jpg 768w, https:\/\/grupofossilis.com.br\/wp-content\/uploads\/2026\/02\/DSC_4393-1-1536x1028.jpg 1536w, https:\/\/grupofossilis.com.br\/wp-content\/uploads\/2026\/02\/DSC_4393-1-2048x1371.jpg 2048w\" sizes=\"auto, (max-width: 1024px) 100vw, 1024px\" \/><\/figure>\n\n\n\n<figure class=\"wp-block-image size-large\"><img loading=\"lazy\" decoding=\"async\" width=\"1024\" height=\"685\" data-id=\"3372\" src=\"https:\/\/grupofossilis.com.br\/wp-content\/uploads\/2026\/02\/DSC_4394-1024x685.jpg\" alt=\"\" class=\"wp-image-3372\" srcset=\"https:\/\/grupofossilis.com.br\/wp-content\/uploads\/2026\/02\/DSC_4394-1024x685.jpg 1024w, https:\/\/grupofossilis.com.br\/wp-content\/uploads\/2026\/02\/DSC_4394-300x201.jpg 300w, https:\/\/grupofossilis.com.br\/wp-content\/uploads\/2026\/02\/DSC_4394-768x514.jpg 768w, https:\/\/grupofossilis.com.br\/wp-content\/uploads\/2026\/02\/DSC_4394-1536x1028.jpg 1536w, https:\/\/grupofossilis.com.br\/wp-content\/uploads\/2026\/02\/DSC_4394-2048x1371.jpg 2048w\" sizes=\"auto, (max-width: 1024px) 100vw, 1024px\" \/><\/figure>\n\n\n\n<figure class=\"wp-block-image size-large\"><img loading=\"lazy\" decoding=\"async\" width=\"1024\" height=\"685\" data-id=\"3377\" src=\"https:\/\/grupofossilis.com.br\/wp-content\/uploads\/2026\/02\/DSC_4395-1024x685.jpg\" alt=\"\" class=\"wp-image-3377\" srcset=\"https:\/\/grupofossilis.com.br\/wp-content\/uploads\/2026\/02\/DSC_4395-1024x685.jpg 1024w, https:\/\/grupofossilis.com.br\/wp-content\/uploads\/2026\/02\/DSC_4395-300x201.jpg 300w, https:\/\/grupofossilis.com.br\/wp-content\/uploads\/2026\/02\/DSC_4395-768x514.jpg 768w, https:\/\/grupofossilis.com.br\/wp-content\/uploads\/2026\/02\/DSC_4395-1536x1028.jpg 1536w, https:\/\/grupofossilis.com.br\/wp-content\/uploads\/2026\/02\/DSC_4395-2048x1371.jpg 2048w\" sizes=\"auto, (max-width: 1024px) 100vw, 1024px\" \/><\/figure>\n\n\n\n<figure class=\"wp-block-image size-large\"><img loading=\"lazy\" decoding=\"async\" width=\"1024\" height=\"685\" data-id=\"3375\" src=\"https:\/\/grupofossilis.com.br\/wp-content\/uploads\/2026\/02\/DSC_4396-1024x685.jpg\" alt=\"\" class=\"wp-image-3375\" srcset=\"https:\/\/grupofossilis.com.br\/wp-content\/uploads\/2026\/02\/DSC_4396-1024x685.jpg 1024w, https:\/\/grupofossilis.com.br\/wp-content\/uploads\/2026\/02\/DSC_4396-300x201.jpg 300w, https:\/\/grupofossilis.com.br\/wp-content\/uploads\/2026\/02\/DSC_4396-768x514.jpg 768w, https:\/\/grupofossilis.com.br\/wp-content\/uploads\/2026\/02\/DSC_4396-1536x1028.jpg 1536w, https:\/\/grupofossilis.com.br\/wp-content\/uploads\/2026\/02\/DSC_4396-2048x1371.jpg 2048w\" sizes=\"auto, (max-width: 1024px) 100vw, 1024px\" \/><\/figure>\n\n\n\n<figure class=\"wp-block-image size-large\"><img loading=\"lazy\" decoding=\"async\" width=\"1024\" height=\"685\" data-id=\"3374\" src=\"https:\/\/grupofossilis.com.br\/wp-content\/uploads\/2026\/02\/DSC_4397-1-1024x685.jpg\" alt=\"\" class=\"wp-image-3374\" srcset=\"https:\/\/grupofossilis.com.br\/wp-content\/uploads\/2026\/02\/DSC_4397-1-1024x685.jpg 1024w, https:\/\/grupofossilis.com.br\/wp-content\/uploads\/2026\/02\/DSC_4397-1-300x201.jpg 300w, https:\/\/grupofossilis.com.br\/wp-content\/uploads\/2026\/02\/DSC_4397-1-768x514.jpg 768w, https:\/\/grupofossilis.com.br\/wp-content\/uploads\/2026\/02\/DSC_4397-1-1536x1028.jpg 1536w, https:\/\/grupofossilis.com.br\/wp-content\/uploads\/2026\/02\/DSC_4397-1-2048x1371.jpg 2048w\" sizes=\"auto, (max-width: 1024px) 100vw, 1024px\" \/><\/figure>\n\n\n\n<figure class=\"wp-block-image size-large\"><img loading=\"lazy\" decoding=\"async\" width=\"1024\" height=\"685\" data-id=\"3376\" src=\"https:\/\/grupofossilis.com.br\/wp-content\/uploads\/2026\/02\/DSC_4398-1024x685.jpg\" alt=\"\" class=\"wp-image-3376\" srcset=\"https:\/\/grupofossilis.com.br\/wp-content\/uploads\/2026\/02\/DSC_4398-1024x685.jpg 1024w, https:\/\/grupofossilis.com.br\/wp-content\/uploads\/2026\/02\/DSC_4398-300x201.jpg 300w, https:\/\/grupofossilis.com.br\/wp-content\/uploads\/2026\/02\/DSC_4398-768x514.jpg 768w, https:\/\/grupofossilis.com.br\/wp-content\/uploads\/2026\/02\/DSC_4398-1536x1028.jpg 1536w, https:\/\/grupofossilis.com.br\/wp-content\/uploads\/2026\/02\/DSC_4398-2048x1371.jpg 2048w\" sizes=\"auto, (max-width: 1024px) 100vw, 1024px\" \/><\/figure>\n\n\n\n<figure class=\"wp-block-image size-large\"><img loading=\"lazy\" decoding=\"async\" width=\"1024\" height=\"685\" data-id=\"3378\" src=\"https:\/\/grupofossilis.com.br\/wp-content\/uploads\/2026\/02\/DSC_4399-1024x685.jpg\" alt=\"\" class=\"wp-image-3378\" srcset=\"https:\/\/grupofossilis.com.br\/wp-content\/uploads\/2026\/02\/DSC_4399-1024x685.jpg 1024w, https:\/\/grupofossilis.com.br\/wp-content\/uploads\/2026\/02\/DSC_4399-300x201.jpg 300w, https:\/\/grupofossilis.com.br\/wp-content\/uploads\/2026\/02\/DSC_4399-768x514.jpg 768w, https:\/\/grupofossilis.com.br\/wp-content\/uploads\/2026\/02\/DSC_4399-1536x1028.jpg 1536w, https:\/\/grupofossilis.com.br\/wp-content\/uploads\/2026\/02\/DSC_4399-2048x1371.jpg 2048w\" sizes=\"auto, (max-width: 1024px) 100vw, 1024px\" \/><\/figure>\n<\/figure>\n","protected":false},"excerpt":{"rendered":"<p>22\/11\/2011 &#8211; Secretaria Municipal de Cultura (Caratinga\/MG)<\/p>\n","protected":false},"author":1,"featured_media":0,"parent":0,"menu_order":0,"comment_status":"closed","ping_status":"closed","template":"","meta":{"footnotes":""},"class_list":["post-3362","page","type-page","status-publish","hentry"],"_links":{"self":[{"href":"https:\/\/grupofossilis.com.br\/index.php\/wp-json\/wp\/v2\/pages\/3362","targetHints":{"allow":["GET"]}}],"collection":[{"href":"https:\/\/grupofossilis.com.br\/index.php\/wp-json\/wp\/v2\/pages"}],"about":[{"href":"https:\/\/grupofossilis.com.br\/index.php\/wp-json\/wp\/v2\/types\/page"}],"author":[{"embeddable":true,"href":"https:\/\/grupofossilis.com.br\/index.php\/wp-json\/wp\/v2\/users\/1"}],"replies":[{"embeddable":true,"href":"https:\/\/grupofossilis.com.br\/index.php\/wp-json\/wp\/v2\/comments?post=3362"}],"version-history":[{"count":1,"href":"https:\/\/grupofossilis.com.br\/index.php\/wp-json\/wp\/v2\/pages\/3362\/revisions"}],"predecessor-version":[{"id":3379,"href":"https:\/\/grupofossilis.com.br\/index.php\/wp-json\/wp\/v2\/pages\/3362\/revisions\/3379"}],"wp:attachment":[{"href":"https:\/\/grupofossilis.com.br\/index.php\/wp-json\/wp\/v2\/media?parent=3362"}],"curies":[{"name":"wp","href":"https:\/\/api.w.org\/{rel}","templated":true}]}}