{"id":4452,"date":"2026-02-24T13:26:50","date_gmt":"2026-02-24T16:26:50","guid":{"rendered":"https:\/\/grupofossilis.com.br\/?page_id=4452"},"modified":"2026-03-27T08:52:51","modified_gmt":"2026-03-27T11:52:51","slug":"clipping-2011-2015","status":"publish","type":"page","link":"https:\/\/grupofossilis.com.br\/index.php\/clipping-2011-2015\/","title":{"rendered":"CLIPPING 2011 &#8211; 2015"},"content":{"rendered":"\n<p><strong>2015<br><\/strong>* 14\/08\/2015 &#8211; Jornal Di\u00e1rio de Caratinga &lt;<a href=\"https:\/\/grupofossilis.com.br\/index.php\/14-08-2015-jornal-diario-de-caratinga\/\">Foto<\/a>><br>* 27\/05\/2015 &#8211; Jornal Di\u00e1rio de Caratinga &lt;<a href=\"https:\/\/grupofossilis.com.br\/index.php\/27-05-2015-jornal-diario-de-caratinga\/\">Foto<\/a>><br>* 24\/03\/2015 &#8211; Jornal Di\u00e1rio das Gerais &lt;<a href=\"https:\/\/grupofossilis.com.br\/index.php\/24-03-2015-jornal-diario-das-gerais\/\">Foto<\/a>><br><strong><br>2014<br><\/strong>* 25\/09\/2014 &#8211; Jornal A Semana &lt;<a href=\"https:\/\/grupofossilis.com.br\/index.php\/25-09-2014-jornal-a-semana\/\">Foto<\/a>><br><strong><br>2013<br><\/strong>* 14\/09\/2013 &#8211; Jornal Di\u00e1rio das Gerais &lt;<a href=\"https:\/\/grupofossilis.com.br\/index.php\/14-09-2013-jornal-diario-das-gerais\/\">Foto<\/a>><br><strong><br>2012<br><\/strong>* 30\/09\/2012 &#8211; Cartaz da 9\u00aa Exposi\u00e7\u00e3o Paleoarqueol\u00f3gica de Caratinga &lt;<a href=\"https:\/\/grupofossilis.com.br\/index.php\/30-09-2012-cartaz-da-9a-exposicao-paleoarqueologica-de-caratinga\/\" data-type=\"link\" data-id=\"https:\/\/grupofossilis.com.br\/index.php\/30-09-2012-cartaz-da-9a-exposicao-paleoarqueologica-de-caratinga\/\">Foto<\/a>><br><strong><br>2011<\/strong><br>* 03\/12\/2011 &#8211; Jornal Di\u00e1rio de Caratinga &lt;<a href=\"https:\/\/grupofossilis.com.br\/index.php\/03-12-2011-jornal-diario-de-caratinga\/\">Foto<\/a>><br>* 01\/12\/2011 &#8211; Jornal Di\u00e1rio de Caratinga &lt;<a href=\"https:\/\/grupofossilis.com.br\/index.php\/01-12-2011-jornal-diario-de-caratinga\/\">Foto<\/a>><br>* 04\/09\/2011 &#8211; Jornal Di\u00e1rio de Caratinga &lt;<a href=\"https:\/\/grupofossilis.com.br\/index.php\/04-09-2011-jornal-diario-de-caratinga\/\">Foto<\/a>><br>* 10\/07\/2011 &#8211; Jornal A Semana &lt;<a href=\"https:\/\/grupofossilis.com.br\/index.php\/10-07-2011-jornal-a-semana\/\">Foto<\/a>><br>* 09\/05\/2011 &#8211; Convite do Col\u00f3quio 13 de maio &lt;<a href=\"https:\/\/grupofossilis.com.br\/index.php\/09-05-2011-convite-do-coloquio-13-de-maio\/\">Foto<\/a>><br>* 19\/04\/2011 &#8211; Jornal Di\u00e1rio de Caratinga &lt;<a href=\"https:\/\/grupofossilis.com.br\/index.php\/19-04-2011-jornal-diario-de-caratinga\/\">Foto<\/a>><br>* 10\/03\/2011 &#8211; Jornal Di\u00e1rio de Caratinga &lt;<a href=\"https:\/\/grupofossilis.com.br\/index.php\/10-03-2011-jornal-diario-de-caratinga\/\">Foto<\/a>><br>* 12\/02\/2011 &#8211; O Jornal de Caratinga &lt;<a href=\"https:\/\/grupofossilis.com.br\/index.php\/12-02-2011-o-jornal-de-caratinga\/\">Foto<\/a>><\/p>\n","protected":false},"excerpt":{"rendered":"<p>2015* 14\/08\/2015 &#8211; Jornal Di\u00e1rio de Caratinga &lt;Foto>* 27\/05\/2015 &#8211; Jornal Di\u00e1rio de Caratinga &lt;Foto>* 24\/03\/2015 &#8211; Jornal<\/p>\n","protected":false},"author":1,"featured_media":0,"parent":0,"menu_order":0,"comment_status":"closed","ping_status":"closed","template":"","meta":{"footnotes":""},"class_list":["post-4452","page","type-page","status-publish","hentry"],"_links":{"self":[{"href":"https:\/\/grupofossilis.com.br\/index.php\/wp-json\/wp\/v2\/pages\/4452","targetHints":{"allow":["GET"]}}],"collection":[{"href":"https:\/\/grupofossilis.com.br\/index.php\/wp-json\/wp\/v2\/pages"}],"about":[{"href":"https:\/\/grupofossilis.com.br\/index.php\/wp-json\/wp\/v2\/types\/page"}],"author":[{"embeddable":true,"href":"https:\/\/grupofossilis.com.br\/index.php\/wp-json\/wp\/v2\/users\/1"}],"replies":[{"embeddable":true,"href":"https:\/\/grupofossilis.com.br\/index.php\/wp-json\/wp\/v2\/comments?post=4452"}],"version-history":[{"count":23,"href":"https:\/\/grupofossilis.com.br\/index.php\/wp-json\/wp\/v2\/pages\/4452\/revisions"}],"predecessor-version":[{"id":4999,"href":"https:\/\/grupofossilis.com.br\/index.php\/wp-json\/wp\/v2\/pages\/4452\/revisions\/4999"}],"wp:attachment":[{"href":"https:\/\/grupofossilis.com.br\/index.php\/wp-json\/wp\/v2\/media?parent=4452"}],"curies":[{"name":"wp","href":"https:\/\/api.w.org\/{rel}","templated":true}]}}