{"id":70,"date":"2025-12-08T15:36:18","date_gmt":"2025-12-08T18:36:18","guid":{"rendered":"https:\/\/grupofossilis.com.br\/?page_id=70"},"modified":"2025-12-10T11:41:18","modified_gmt":"2025-12-10T14:41:18","slug":"fossilis-noticias","status":"publish","type":"page","link":"https:\/\/grupofossilis.com.br\/index.php\/fossilis-noticias\/","title":{"rendered":"FOSSILIS NOT\u00cdCIAS"},"content":{"rendered":"\n<p><strong>Fossilis Not\u00edcias<\/strong> \u00e9 o boletim informativo do Grupo, publicado mensalmente, com o objetivo de divulgar suas atividades e apresentar mat\u00e9rias voltadas \u00e0 Arqueologia e \u00e0 Paleontologia. Agora em <strong>formato exclusivamente digital<\/strong>, o peri\u00f3dico passa a ser disponibilizado apenas pela internet, ampliando seu alcance e facilitando o acesso dos leitores.<\/p>\n\n\n\n<p>Por meio deste boletim, o Fossilis busca despertar o interesse pela pesquisa e pelo conhecimento cient\u00edfico na regi\u00e3o, especialmente entre estudantes de n\u00edvel superior. A iniciativa segue o exemplo de grandes centros acad\u00eamicos da Europa e dos Estados Unidos, onde a compreens\u00e3o do passado hist\u00f3rico \u00e9 vista como essencial para interpretar o presente e planejar o futuro.<\/p>\n\n\n\n<p>Se voc\u00ea tem interesse em enviar um artigo para publica\u00e7\u00e3o, basta entrar em contato conosco atrav\u00e9s do email <em><strong>fossilis@grupofossilis.com.br<\/strong><\/em> . Estamos sempre abertos a novas contribui\u00e7\u00f5es e ao fortalecimento da divulga\u00e7\u00e3o cient\u00edfica.<\/p>\n\n\n\n<p><strong>Edi\u00e7\u00e3o de novembro de 2025 <a href=\"https:\/\/grupofossilis.com.br\/fossilisnoticias01-25.pdf\">&lt;link><\/a><\/strong><\/p>\n\n\n\n<figure class=\"wp-block-image size-medium\"><a href=\"https:\/\/grupofossilis.com.br\/fossilisnoticias01-25.pdf\"><img loading=\"lazy\" decoding=\"async\" width=\"209\" height=\"300\" src=\"https:\/\/grupofossilis.com.br\/wp-content\/uploads\/2025\/12\/Edicao-01-2025-209x300.png\" alt=\"\" class=\"wp-image-1362\" srcset=\"https:\/\/grupofossilis.com.br\/wp-content\/uploads\/2025\/12\/Edicao-01-2025-209x300.png 209w, https:\/\/grupofossilis.com.br\/wp-content\/uploads\/2025\/12\/Edicao-01-2025.png 589w\" sizes=\"auto, (max-width: 209px) 100vw, 209px\" \/><\/a><\/figure>\n\n\n\n<p><\/p>\n\n\n\n<figure class=\"wp-block-image size-large\"><img loading=\"lazy\" decoding=\"async\" width=\"1024\" height=\"1022\" src=\"https:\/\/grupofossilis.com.br\/wp-content\/uploads\/2025\/12\/JORNAIS-SITE-1-1024x1022.png\" alt=\"\" class=\"wp-image-1358\" srcset=\"https:\/\/grupofossilis.com.br\/wp-content\/uploads\/2025\/12\/JORNAIS-SITE-1-1024x1022.png 1024w, https:\/\/grupofossilis.com.br\/wp-content\/uploads\/2025\/12\/JORNAIS-SITE-1-300x300.png 300w, https:\/\/grupofossilis.com.br\/wp-content\/uploads\/2025\/12\/JORNAIS-SITE-1-150x150.png 150w, https:\/\/grupofossilis.com.br\/wp-content\/uploads\/2025\/12\/JORNAIS-SITE-1-768x767.png 768w, https:\/\/grupofossilis.com.br\/wp-content\/uploads\/2025\/12\/JORNAIS-SITE-1.png 1198w\" sizes=\"auto, (max-width: 1024px) 100vw, 1024px\" \/><\/figure>\n","protected":false},"excerpt":{"rendered":"<p>Fossilis Not\u00edcias \u00e9 o boletim informativo do Grupo, publicado mensalmente, com o objetivo de divulgar suas atividades e<\/p>\n","protected":false},"author":1,"featured_media":0,"parent":0,"menu_order":0,"comment_status":"closed","ping_status":"closed","template":"","meta":{"footnotes":""},"class_list":["post-70","page","type-page","status-publish","hentry"],"_links":{"self":[{"href":"https:\/\/grupofossilis.com.br\/index.php\/wp-json\/wp\/v2\/pages\/70","targetHints":{"allow":["GET"]}}],"collection":[{"href":"https:\/\/grupofossilis.com.br\/index.php\/wp-json\/wp\/v2\/pages"}],"about":[{"href":"https:\/\/grupofossilis.com.br\/index.php\/wp-json\/wp\/v2\/types\/page"}],"author":[{"embeddable":true,"href":"https:\/\/grupofossilis.com.br\/index.php\/wp-json\/wp\/v2\/users\/1"}],"replies":[{"embeddable":true,"href":"https:\/\/grupofossilis.com.br\/index.php\/wp-json\/wp\/v2\/comments?post=70"}],"version-history":[{"count":5,"href":"https:\/\/grupofossilis.com.br\/index.php\/wp-json\/wp\/v2\/pages\/70\/revisions"}],"predecessor-version":[{"id":1365,"href":"https:\/\/grupofossilis.com.br\/index.php\/wp-json\/wp\/v2\/pages\/70\/revisions\/1365"}],"wp:attachment":[{"href":"https:\/\/grupofossilis.com.br\/index.php\/wp-json\/wp\/v2\/media?parent=70"}],"curies":[{"name":"wp","href":"https:\/\/api.w.org\/{rel}","templated":true}]}}