{"id":72,"date":"2025-12-08T15:36:29","date_gmt":"2025-12-08T18:36:29","guid":{"rendered":"https:\/\/grupofossilis.com.br\/?page_id=72"},"modified":"2025-12-10T13:46:03","modified_gmt":"2025-12-10T16:46:03","slug":"parcerias","status":"publish","type":"page","link":"https:\/\/grupofossilis.com.br\/index.php\/parcerias\/","title":{"rendered":"PARCERIAS"},"content":{"rendered":"\n<p><strong>Laborat\u00f3rio de Sistem\u00e1tica e Tafonomia de Vertebrados F\u00f3sseis (LAPUG), Museu Nacional\/UFRJ<\/strong><\/p>\n\n\n\n<p><strong>Sociedade Brasileira de Paleontologia <a href=\"https:\/\/sbpbrasil.org\/\">&lt;link><\/a><\/strong><\/p>\n\n\n\n<p><strong>Paleontos <a href=\"https:\/\/grupopaleontos.wixsite.com\/paleontos\">&lt;link&gt;<\/a><\/strong><br><br><\/p>\n\n\n\n<p><\/p>\n","protected":false},"excerpt":{"rendered":"<p>Laborat\u00f3rio de Sistem\u00e1tica e Tafonomia de Vertebrados F\u00f3sseis (LAPUG), Museu Nacional\/UFRJ Sociedade Brasileira de Paleontologia &lt;link> Paleontos &lt;link&gt;<\/p>\n","protected":false},"author":1,"featured_media":0,"parent":0,"menu_order":0,"comment_status":"closed","ping_status":"closed","template":"","meta":{"footnotes":""},"class_list":["post-72","page","type-page","status-publish","hentry"],"_links":{"self":[{"href":"https:\/\/grupofossilis.com.br\/index.php\/wp-json\/wp\/v2\/pages\/72","targetHints":{"allow":["GET"]}}],"collection":[{"href":"https:\/\/grupofossilis.com.br\/index.php\/wp-json\/wp\/v2\/pages"}],"about":[{"href":"https:\/\/grupofossilis.com.br\/index.php\/wp-json\/wp\/v2\/types\/page"}],"author":[{"embeddable":true,"href":"https:\/\/grupofossilis.com.br\/index.php\/wp-json\/wp\/v2\/users\/1"}],"replies":[{"embeddable":true,"href":"https:\/\/grupofossilis.com.br\/index.php\/wp-json\/wp\/v2\/comments?post=72"}],"version-history":[{"count":3,"href":"https:\/\/grupofossilis.com.br\/index.php\/wp-json\/wp\/v2\/pages\/72\/revisions"}],"predecessor-version":[{"id":1370,"href":"https:\/\/grupofossilis.com.br\/index.php\/wp-json\/wp\/v2\/pages\/72\/revisions\/1370"}],"wp:attachment":[{"href":"https:\/\/grupofossilis.com.br\/index.php\/wp-json\/wp\/v2\/media?parent=72"}],"curies":[{"name":"wp","href":"https:\/\/api.w.org\/{rel}","templated":true}]}}