{"id":80,"date":"2025-12-08T15:37:19","date_gmt":"2025-12-08T18:37:19","guid":{"rendered":"https:\/\/grupofossilis.com.br\/?page_id=80"},"modified":"2025-12-10T09:34:36","modified_gmt":"2025-12-10T12:34:36","slug":"links","status":"publish","type":"page","link":"https:\/\/grupofossilis.com.br\/index.php\/links\/","title":{"rendered":"LINKS"},"content":{"rendered":"\n<p><strong>Sociedade Brasileira de Paleontologia <a href=\"https:\/\/sbpbrasil.org\/\">&lt;link&gt;<\/a><\/strong><\/p>\n\n\n\n<p><strong>Museu C\u00e2mara do Cascudo (RN)<\/strong> <strong><a href=\"http:\/\/www.mcc.ufrn.br\">&lt;link&gt;<\/a><\/strong><\/p>\n\n\n\n<p><strong>Funda\u00e7\u00e3o Museu do Homem Americano (PI)<\/strong> <strong><a href=\"http:\/\/www.fumdham.org.br\">&lt;link&gt;<\/a><\/strong><\/p>\n\n\n\n<p><strong>Museu Nacional (RJ)<\/strong> <strong><a href=\"http:\/\/www.museunacional.ufrj.br\">&lt;link&gt;<\/a><\/strong><\/p>\n\n\n\n<p><strong>Instituto Geol\u00f3gico de S\u00e3o Paulo (SP)<\/strong> <strong><a href=\"http:\/\/www.igc.usp.br\">&lt;link&gt;<\/a><\/strong><\/p>\n\n\n\n<p><strong>Museu de Hist\u00f3ria Natural de Taubat\u00e9 (SP)<\/strong> <strong><a href=\"http:\/\/www.museuhistorianatural.com\" data-type=\"link\" data-id=\"http:\/\/www.museuhistorianatural.com\">&lt;link&gt;<\/a><\/strong><\/p>\n\n\n\n<p><\/p>\n","protected":false},"excerpt":{"rendered":"<p>Sociedade Brasileira de Paleontologia &lt;link&gt; Museu C\u00e2mara do Cascudo (RN) &lt;link&gt; Funda\u00e7\u00e3o Museu do Homem Americano (PI) &lt;link&gt;<\/p>\n","protected":false},"author":1,"featured_media":0,"parent":0,"menu_order":0,"comment_status":"closed","ping_status":"closed","template":"","meta":{"footnotes":""},"class_list":["post-80","page","type-page","status-publish","hentry"],"_links":{"self":[{"href":"https:\/\/grupofossilis.com.br\/index.php\/wp-json\/wp\/v2\/pages\/80","targetHints":{"allow":["GET"]}}],"collection":[{"href":"https:\/\/grupofossilis.com.br\/index.php\/wp-json\/wp\/v2\/pages"}],"about":[{"href":"https:\/\/grupofossilis.com.br\/index.php\/wp-json\/wp\/v2\/types\/page"}],"author":[{"embeddable":true,"href":"https:\/\/grupofossilis.com.br\/index.php\/wp-json\/wp\/v2\/users\/1"}],"replies":[{"embeddable":true,"href":"https:\/\/grupofossilis.com.br\/index.php\/wp-json\/wp\/v2\/comments?post=80"}],"version-history":[{"count":6,"href":"https:\/\/grupofossilis.com.br\/index.php\/wp-json\/wp\/v2\/pages\/80\/revisions"}],"predecessor-version":[{"id":1334,"href":"https:\/\/grupofossilis.com.br\/index.php\/wp-json\/wp\/v2\/pages\/80\/revisions\/1334"}],"wp:attachment":[{"href":"https:\/\/grupofossilis.com.br\/index.php\/wp-json\/wp\/v2\/media?parent=80"}],"curies":[{"name":"wp","href":"https:\/\/api.w.org\/{rel}","templated":true}]}}